is the units digit of y(-3)?
0
Suppose 5*y = 2*j + 17, 0 = -j + y + 1 - 2. Let r be (-10)/(j/(-2)) - 1. Suppose 0 = -5*v + 1 + r. What is the units digit of v?
1
Let x(d) = d**2 - 16*d + 47. What is the units digit of x(18)?
3
Suppose -c + 2*c = -2*i, 2*c + 4 = -5*i. Let z = 44 - 45. What is the units digit of (4/c)/(z/(-2))?
1
Suppose y - 4 = 3*y. Let x be y/((-2)/1) + 2. What is the units digit of -1 + x/3 + 1?
1
Let b(k) = 2*k + 5. Let r be b(6). Let t = 12 + r. What is the units digit of t?
9
Suppose -4*h = 4*i - 28, -i + 5*h + 1 = 6. What is the units digit of (3 - -3)*i/2?
5
Let t(v) = -7*v - 3. What is the units digit of t(-7)?
6
What is the units digit of (3/(-2))/((-2)/(364/21))?
3
Let c(r) = 3*r**3 - 3*r + 2. Let k be c(1). What is the units digit of 0 - (k + (4 - 8))?
2
Let s be 1/(-4) + 7/(-4). Let r(u) = u**3 - u**2 + 5*u + 1. Let n(p) = p**2 - p + 1. Let c(j) = s*n(j) - r(j). What is the units digit of c(-2)?
7
Let i(w) = 7*w**2 + 2*w - 3. Let a(d) = -d**2 + 3*d. Let q be a(2). Let u be i(q). Suppose 2*z = 3*o + u, -1 = -z + 2*o + 14. What is the tens digit of z?
1
Suppose d - 3 = -2*d, -d + 111 = 5*q. Suppose 5*h - 230 = 4*u, -q = -h - 6*u + 2*u. Suppose 4*b - h = -2. What is the units digit of b?
0
Suppose -13*x + 8*x = -160. What is the units digit of x?
2
Suppose -34 = -4*i + 22. What is the tens digit of i - (-3)/(-6)*-4?
1
Let u(z) = z**3 + 10*z**2 + 5*z + 11. Let h be (1 + -3)/((-2)/(-9)). Let l be u(h). Suppose 3*w = l + 4. What is the tens digit of w?
1
Suppose r + 10*a + 23 = 5*a, -8 = -4*r + 5*a. Let s = -1 - r. What is the units digit of s/(-10) - 16/(-5)?
3
Suppose 2*h - h + 21 = 0. Let g = h - -41. What is the units digit of g?
0
Let t be ((-3)/(-4))/((-5)/(-20)). Suppose u - t*u = -112. Suppose 5*z - u = -2*b, 0 = z - 2*b - 4. What is the tens digit of z?
1
Suppose 12*s + 368 = 28*s. What is the tens digit of s?
2
Suppose 0 = -3*g + 18 - 3. Suppose g*v - 24 = 2*f + f, v - 3 = 0. What is the units digit of 2/f + 20/3?
6
Suppose 7*i = 9*i - 4. Suppose 2*u - i*w - 63 = -w, 0 = 2*u + 3*w - 67. What is the units digit of u?
2
Let a be 4 + 1 + 1 + 0. Let u(q) be the third derivative of q**6/120 - 7*q**5/60 + q**4/3 - q**3/3 + 3*q**2. What is the tens digit of u(a)?
1
Suppose 122 = 2*t - 4*c, 113 = t + t + 5*c. Suppose -4*a + 61 = -t. What is the tens digit of a?
3
Suppose 270 = -k + 6*k. What is the units digit of k?
4
Suppose -6 = -0*o + 2*o. What is the units digit of -3*1/o + 11?
2
Let l(m) = -m**3 + 14*m**2 - 14*m + 4. Let u be l(13). Let q be (-2)/u + 50/18. Suppose -q*n + 36 = -n. What is the tens digit of n?
1
Suppose 12 = 2*m + y, -5*m + 10 = -m - 5*y. Suppose -5*h + 0 = m*t - 35, 0 = -5*t - 4*h + 32. Suppose 9*f = t*f + 20. What is the units digit of f?
4
Let l(v) be the third derivative of v**4/8 - v**3/2 - v**2. What is the units digit of l(4)?
9
Suppose -2*x = -4*x + 8. Suppose -4*k + 56 = x*p, -4*k = -k - 2*p - 27. What is the units digit of k?
1
Suppose 3*o - 2*o = -2*j - 24, 4*j = -3*o - 44. Let v = -8 - j. What is the units digit of v?
6
Let h(t) = t + 15. Let z be h(-13). Suppose 0 = -5*j - 25, -c + z*j + 58 = -j. What is the tens digit of c?
4
Suppose 0 = 5*q + 3*y, -2*q = 2*y - 6*y. Suppose 0 = 3*b + 4*g - 17, b - 2*g + q - 9 = 0. What is the units digit of b?
7
Let l(h) = 12*h**2 - h. Let y be l(-1). Suppose -2*z + 47 = 5*o, -2*o = -3*z - y - 21. What is the units digit of o?
1
Let v(s) = 2*s + 6. Let x be v(9). Let g = 65 - x. What is the units digit of g?
1
Let w = 70 - 25. Suppose 0 = -5*v - 60 - w. Let g = -10 - v. What is the units digit of g?
1
Let j be (5 + -1)*(-6)/4. What is the units digit of j/(1 - 7/5)?
5
Suppose -5*q + 30 = -0*q. Suppose q*c - 56 = 2*c. What is the units digit of c?
4
Suppose -5*n + 3*m + 5 = -14, -n = 4*m + 10. Let c(w) = 8 + 8*w + w**3 - 2 + 0*w**2 - 3*w**n - 4*w**2. What is the tens digit of c(6)?
1
Suppose 2*o = -4*x - o + 12, -3*o + 12 = 3*x. Suppose -72 = 3*r - 5*r - 4*k, 5*r + 5*k - 170 = x. What is the tens digit of r?
3
Let s(y) = 3*y**2 - 2*y - 4. Let i(n) = -4*n**2 + 2*n + 4. Let x(b) = -4*i(b) - 5*s(b). What is the units digit of x(4)?
8
Let g be ((-35)/(-10))/((-1)/(-4)). Suppose 5*p = 4*k - 23, -5*p + 3*k + 2 - 23 = 0. What is the units digit of (g/4 + p)*10?
5
Suppose 5 = -5*q + 15. Suppose 73 + 1 = q*t. What is the tens digit of t?
3
Let g = -156 - -266. Suppose -7*q + g = -2*q. What is the units digit of q?
2
Let u be (-2)/9 + 2/9. Let w(a) be the first derivative of a**3/3 + a**2/2 + 3*a + 2. What is the units digit of w(u)?
3
Suppose 4*d + 9 - 1145 = 0. What is the tens digit of d?
8
Suppose -5*y + 15 = 3*l, 2*y - 32 = 3*l + l. Suppose -3*v + 0 + y = 0. What is the units digit of v?
2
Suppose -3*z - 16 + 50 = -x, 4*x = 3*z - 37. Suppose -z = -4*l + 17. What is the units digit of l?
7
Let p = -178 + 98. What is the units digit of 4/(-10) - 3392/p?
2
Let c(l) = l**2 - l - 1. What is the units digit of c(-5)?
9
Suppose n = z + 2 + 3, 2*z - 15 = -3*n. Suppose 4*i = 2*i + 20. What is the units digit of i + (z - (2 + 0))?
8
Let i be 6*(-2)/(-12)*3. Let y(w) be the first derivative of -w**4/4 + w**3 + 3*w**2/2 - w + 4. What is the units digit of y(i)?
8
Suppose -8*s = -3*s. Let y(o) = o**2 + 3*o - 1. Let b be y(-5). Let n = b - s. What is the units digit of n?
9
Let l = 4 - 10. What is the units digit of (4/l)/(4/(-42))?
7
Let r be -34*(-2)/(-4)*-3. Let o = r - 27. What is the tens digit of o?
2
What is the tens digit of ((-36)/(-24))/((-3)/(-68))?
3
Let r = -4 + 7. Suppose 0 = 2*s - 5*u + 30, -r*u - 2*u = 5*s + 5. What is the units digit of (-22)/s - (-6)/(-15)?
4
Let w = -3 - -59. What is the units digit of w?
6
Let t = 101 - 25. Let g = -134 + t. Let o = -37 - g. What is the tens digit of o?
2
Suppose 5*u + 5*z - 135 = 0, 2*z = -2*u + 3*z + 63. What is the tens digit of u?
3
Let f(v) = 45*v + 6. What is the units digit of f(6)?
6
Suppose g + 0*g + 62 = 3*d, -105 = -5*d + 2*g. Suppose 0 = -3*i + d - 1. Suppose -3*b - 9 = -i*b. What is the units digit of b?
3
Let v(r) = -r**2 - 4*r + 3. Let w be v(-4). Suppose -w*h + 4*h = 8. What is the units digit of h?
8
Let q = -8 - -25. Suppose q = 2*c + 5. What is the units digit of c?
6
Let m = 101 - 53. Suppose j + m = 4*j. What is the tens digit of j?
1
Let j = 549 + -293. What is the tens digit of j?
5
Let m = 3 - 3. Let y = m - 16. Let a = -10 - y. What is the units digit of a?
6
Suppose -5*r + w + 39 + 47 = 0, 2*r - w = 32. What is the units digit of r?
8
Let p(z) = z**2 - 3*z + 4. What is the units digit of p(4)?
8
Suppose 4*q = -a + 136, -43 = 2*q - 3*q + 2*a. What is the tens digit of q?
3
Let v(b) be the first derivative of b**3 + b**2 + 2*b - 3. Let t be v(-2). What is the units digit of (-16)/40 + 114/t?
1
Suppose -5*h - 800 = -10*h + 4*n, 3*n - 507 = -3*h. What is the hundreds digit of h?
1
Let k(p) = 3*p + 2. Let a(c) = -7*c - 4. Let i(l) = 4*a(l) + 9*k(l). Let o be i(-2). Suppose m + 3*n = -3, o*m - 21 = 4*n + 15. What is the units digit of m?
6
Let t = 4 - 0. Suppose 1 = j - 5*z + 7, -t*z = -2*j. Suppose -w + j*k = 5, 8*k - 25 = -5*w + 3*k. What is the units digit of w?
3
Suppose 10*f - 72 = 6*f. Let u = f + -4. What is the units digit of u?
4
Let n = -13 - -18. Suppose -n*d = -9*d + 16. What is the units digit of d?
4
Let h(f) = f**2 - 14*f + 5. What is the units digit of h(-4)?
7
Suppose -g = -5*r - 44, -146 = -3*g - 0*r + r. What is the tens digit of g?
4
What is the units digit of (854/(-35))/((12/10)/(-3))?
1
Suppose 0 = -70*x + 69*x + 194. What is the tens digit of x?
9
Let w be ((-4)/5)/(1/(-5)). Let q = 6 - w. What is the units digit of q?
2
Let a = 22 + 17. What is the tens digit of a?
3
Let t(s) = s**3 - 4*s**2 + 2*s - 1. Let h(q) = -3*q**3 + 17*q**2 - 8*q + 5. Let g(f) = 2*h(f) + 9*t(f). What is the tens digit of g(2)?
2
Let r be 51/(-1) + (0 - -1). What is the units digit of ((-12)/5)/(10/r)?
2
Let d = 4 + 12. Suppose v - 2*g = d, v - 3*g - 6 = -6*g. What is the tens digit of v?
1
What is the tens digit of (-20)/(-3)*(-18)/(-8)?
1
Let l(k) = k**2 - 9*k + 10. Let h be l(7). Let x be (-3 - h)*(0 + -3). Let n = 7 + x. What is the units digit of n?
4
Let y(t) = 5*t + 6. Let m be y(6). Let d = 56 - m. What is the tens digit of d?
2
Suppose 23*j = 12*j + 143. What is the units digit of j?
3
Le